1071
List the prime factors of 6178242.
2, 3, 7, 17, 509
List the prime factors of 181241.
19, 9539
What are the prime factors of 1429041?
3, 476347
What are the prime factors of 1871981?
1871981
List the prime factors of 1378500.
2, 3, 5, 919
What are the prime factors of 623027?
43, 14489
What are the prime factors of 190161?
3, 7043
List the prime factors of 54933.
3, 18311
List the prime factors of 26169524.
2, 6542381
List the prime factors of 4651216.
2, 290701
List the prime factors of 662355.
3, 5, 41, 359
List the prime factors of 4038989.
4038989
What are the prime factors of 80299?
59, 1361
List the prime factors of 393830.
2, 5, 39383
What are the prime factors of 5319133?
53, 100361
What are the prime factors of 6845863?
947, 7229
List the prime factors of 208425.
3, 5, 7, 397
What are the prime factors of 143564?
2, 19, 1889
List the prime factors of 453565.
5, 7, 12959
What are the prime factors of 3776998?
2, 61, 83, 373
What are the prime factors of 942691?
942691
What are the prime factors of 19181834?
2, 7, 195733
What are the prime factors of 11127087?
3, 191, 6473
List the prime factors of 2945767.
11, 267797
List the prime factors of 319178.
2, 159589
What are the prime factors of 1514343?
3, 17, 23, 1291
List the prime factors of 22128416.
2, 97, 7129
List the prime factors of 7905852.
2, 3, 219607
What are the prime factors of 12485916?
2, 3, 346831
List the prime factors of 69641.
11, 13, 487
What are the prime factors of 1170212?
2, 17, 17209
List the prime factors of 88472.
2, 11059
What are the prime factors of 2841764?
2, 710441
What are the prime factors of 425093?
37, 11489
What are the prime factors of 871435?
5, 19, 9173
What are the prime factors of 4880819?
17, 287107
What are the prime factors of 31140401?
31140401
List the prime factors of 400465.
5, 13, 61, 101
What are the prime factors of 230785?
5, 101, 457
What are the prime factors of 1236953?
1236953
What are the prime factors of 5937769?
937, 6337
What are the prime factors of 132652?
2, 13, 2551
List the prime factors of 5025262.
2, 11, 228421
What are the prime factors of 526465?
5, 71, 1483
List the prime factors of 26684063.
7, 461, 8269
List the prime factors of 724768.
2, 11, 29, 71
What are the prime factors of 1704059?
7, 243437
List the prime factors of 64304.
2, 4019
What are the prime factors of 51927?
3, 19, 911
What are the prime factors of 543726?
2, 3, 10069
What are the prime factors of 673529?
673529
What are the prime factors of 39283?
163, 241
What are the prime factors of 9524020?
2, 5, 11, 43291
What are the prime factors of 15203795?
5, 31, 47, 2087
What are the prime factors of 6151667?
61, 100847
List the prime factors of 6125518.
2, 7, 197, 2221
List the prime factors of 3157775.
5, 126311
List the prime factors of 3606387.
3, 1202129
What are the prime factors of 1134028?
2, 7, 101, 401
What are the prime factors of 25207492?
2, 1013, 6221
List the prime factors of 519578.
2, 71, 3659
What are the prime factors of 32609617?
37, 163, 5407
What are the prime factors of 2251826?
2, 1125913
What are the prime factors of 7904?
2, 13, 19
List the prime factors of 13239163.
7, 271, 997
List the prime factors of 607584.
2, 3, 6329
What are the prime factors of 184322?
2, 23, 4007
What are the prime factors of 42069?
3, 37, 379
List the prime factors of 223118.
2, 7, 15937
List the prime factors of 16762655.
5, 7, 13, 19, 277
What are the prime factors of 250756?
2, 11, 41, 139
What are the prime factors of 6986?
2, 7, 499
List the prime factors of 18968507.
101, 109, 1723
What are the prime factors of 3622368?
2, 3, 97, 389
What are the prime factors of 189193?
17, 31, 359
List the prime factors of 8842287.
3, 2947429
What are the prime factors of 106718?
2, 53359
List the prime factors of 1184310.
2, 3, 5, 13159
List the prime factors of 1618.
2, 809
What are the prime factors of 26996771?
127, 212573
List the prime factors of 1426682.
2, 31, 23011
List the prime factors of 168485.
5, 31, 1087
List the prime factors of 730454.
2, 37, 9871
What are the prime factors of 1752554?
2, 23, 31, 1229
List the prime factors of 117674.
2, 17, 3461
What are the prime factors of 2862982?
2, 1431491
What are the prime factors of 350278?
2, 43, 4073
List the prime factors of 10547165.
5, 631, 3343
What are the prime factors of 7228133?
11, 599, 1097
What are the prime factors of 2996583?
3, 998861
List the prime factors of 321589.
17, 18917
List the prime factors of 3925198.
2, 17, 6791
List the prime factors of 369613.
31, 11923
What are the prime factors of 653599?
17, 38447
List the prime factors of 386755.
5, 77351
What are the prime factors of 395879?
11, 17, 29, 73
List the prime factors of 882648.
2, 3, 13, 23, 41
List the prime factors of 63356.
2, 47, 337
List the prime factors of 10697635.
5, 13, 31, 5309
What are the prime factors of 39955?
5, 61, 131
List the prime factors of 269826.
2, 3, 44971
What are the prime factors of 136980?
2, 3, 5, 761
What are the prime factors of 23118356?
2, 131, 44119
List the prime factors of 812483.
7, 37, 3137
List the prime factors of 10385309.
11, 85829
List the prime factors of 2190985.
5, 19, 23063
What are the prime factors of 230841?
3, 13, 1973
List the prime factors of 55064.
2, 6883
List the prime factors of 9120822.
2, 3, 431, 3527
What are the prime factors of 204715?
5, 7, 5849
List the prime factors of 720992.
2, 22531
List the prime factors of 1284224.
2, 79, 127
List the prime factors of 205846.
2, 19, 5417
List the prime factors of 11034330.
2, 3, 5, 41, 8971
List the prime factors of 3980353.
13, 53, 109
What are the prime factors of 93267?
3, 43, 241
What are the prime factors of 842685?
3, 5, 56179
List the prime factors of 621583.
621583
What are the prime factors of 150061?
150061
List the prime factors of 6092332.
2, 23, 66221
What are the prime factors of 9269483?
23, 467, 863
List the prime factors of 2185318.
2, 1092659
What are the prime factors of 22622?
2, 11311
What are the prime factors of 37052983?
11, 19, 71, 227
List the prime factors of 885184.
2, 13831
List the prime factors of 167314.
2, 7, 17, 19, 37
List the prime factors of 8174007.
3, 131, 2311
What are the prime factors of 10035?
3, 5, 223
What are the prime factors of 1805123?
1805123
What are the prime factors of 1860517?
1860517
What are the prime factors of 10814?
2, 5407
List the prime factors of 10200678.
2, 3, 37, 45949
What are the prime factors of 9574909?
9574909
What are the prime factors of 685091?
11, 61, 1021
What are the prime factors of 18299048?
2, 2287381
List the prime factors of 15002334.
2, 3, 30869
What are the prime factors of 533523?
3, 177841
What are the prime factors of 114104?
2, 17, 839
List the prime factors of 269836.
2, 7, 23, 419
What are the prime factors of 1021409?
29, 35221
List the prime factors of 12427193.
12427193
List the prime factors of 1036700.
2, 5, 7, 1481
What are the prime factors of 33932?
2, 17, 499
List the prime factors of 324543.
3, 251, 431
List the prime factors of 925956.
2, 3, 17, 89
What are the prime factors of 163556?
2, 31, 1319
List the prime factors of 39699.
3, 11, 401
List the prime factors of 3592738.
2, 23, 83, 941
List the prime factors of 758224.
2, 47389
List the prime factors of 283580.
2, 5, 11, 1289
What are the prime factors of 958649?
383, 2503
What are the prime factors of 2566497?
3, 855499
List the prime factors of 1972168.
2, 11, 73, 307
What are the prime factors of 266387?
11, 61, 397
What are the prime factors of 208749?
3, 149, 467
What are the prime factors of 390274?
2, 195137
List the prime factors of 9540999.
3, 13, 81547
List the prime factors of 17755392.
2, 3, 61, 379
List the prime factors of 10737677.
131, 81967
What are the prime factors of 3648577?
29, 125813
List the prime factors of 829369.
19, 43651
List the prime factors of 5420.
2, 5, 271
List the prime factors of 344912.
2, 21557
List the prime factors of 221999.
221999
What are the prime factors of 3361137?
3, 13, 86183
What are the prime factors of 1195758?
2, 3, 66431
What are the prime factors of 444408?
2, 3, 18517
List the prime factors of 47307.
3, 13, 1213
What are the prime factors of 2852229?
3, 950743
List the prime factors of 230999.
230999
Wh